8/276)/(3/7622). Calculate the highest common factor of 259 and s.
259
Suppose 0 = 230*h - 265*h + 28980. What is the highest common factor of h and 184?
92
Let q(t) = 11*t + 249. Let a be q(-21). Let s = -153 + 225. Calculate the highest common divisor of s and a.
18
Let s(n) = 586*n - 1602. Let u be s(3). Calculate the highest common factor of u and 120.
12
Let o be (0 + -4)/((21/12)/(-7)). Let v = o - 8. Let j(i) = 2*i**3 - 11*i**2 - 5*i - 16. Let w be j(v). What is the greatest common factor of 24 and w?
24
Suppose -282 = -2*o - 4*s, 5*s - 153 = -3*o + 273. Let d(v) = v**3 - 12*v**2 - 2*v + 45. Let x be d(12). What is the highest common factor of o and x?
21
Let u be (-1796)/(-10) + 4/10. Suppose 0 = 315*v - 175*v - 163*v + 460. Calculate the highest common divisor of v and u.
20
Let x be -9 + 11 + (140 - (-3)/3). Suppose -140 = -2*z - 4*p, 453 = 4*z + 2*p + x. What is the highest common divisor of 64 and z?
16
Suppose -7500 - 10644 = -144*t. Calculate the highest common factor of t and 21546.
126
Suppose 5*h + 13 = -12. Let f = -4 - h. Let c(w) = -209*w + 12336. Let i be c(59). What is the highest common divisor of i and f?
1
Suppose -4*f = 9 + 23. Let p = f + -4. Let q be (1 + 87/p)/((-3)/12). Calculate the highest common divisor of 225 and q.
25
Let o = 17461 - 17445. Calculate the greatest common factor of o and 4328.
8
Suppose 176*v = 186*v - 16250. What is the highest common divisor of v and 1125?
125
Let l = -1196 - -506. Let n be (-3 - l/25)*5. Calculate the greatest common divisor of 656 and n.
41
Let l(f) = 62*f**2 - 11*f + 5. Let r(i) = 31*i**2 - 5*i + 2. Let o(z) = -4*l(z) + 9*r(z). Let u be o(2). What is the greatest common factor of u and 16?
8
Suppose 2*n - 137 = -5*h, n - 3*n + 3*h = -129. Suppose 0 = -8*l + 1810 + 4262. What is the highest common divisor of n and l?
33
Let p be 1 + -9 + (64 - (-3 + 5)). Calculate the highest common factor of p and 369.
9
Let k be -8 - 8 - (24 - 2632). Calculate the highest common divisor of 384 and k.
96
Let v = 185 - 181. Let y(q) = 3*q + 3. Let r be y(v). Calculate the highest common factor of 120 and r.
15
Suppose 148*t - 4*t - 576 = 0. Let s(i) = 4 + 15*i - i + 0*i - 2. Let y be s(3). Calculate the highest common divisor of y and t.
4
Suppose -28 = -g - 3*g - l, l = -g + 10. Let a be 11 - g/18*(-1 + 1). Calculate the greatest common factor of a and 55.
11
Suppose 6 = 3*s, 2*r + 0*r + s - 54 = 0. Suppose -5*f + 107 - 112 = 0. Let u be (-510)/(-17) + 2 + f - 5. Calculate the highest common factor of u and r.
26
Let v = 10 + -2. Let n(g) = 0*g + 2*g + v + 0*g. Let l be n(14). Calculate the highest common factor of l and 12.
12
Let n be 5560/6 - 1284/(-963). Calculate the greatest common divisor of n and 608.
32
Let z(s) be the second derivative of 7/4*s**4 + 4*s**3 + 0 - 1/20*s**5 - 6*s**2 - 51*s. Let x be z(22). What is the greatest common factor of 4 and x?
4
Let k(d) = -d**2 - 8*d + 5. Let t be 6/14 - 59/7 - -3. Let i be k(t). Calculate the highest common factor of 340 and i.
20
Suppose -q + 50 = -4*v, 9*v = 5*q + 8*v - 269. Calculate the greatest common divisor of q and 10503.
27
Suppose 4*k - 2581 = -5*y, -3*y - 3521 + 916 = -4*k. What is the highest common divisor of k and 472?
59
Let k be (25*1/5 + 7)*11/2. Let o be 110*(82/10 - 1). What is the highest common divisor of k and o?
66
Let j be ((-8)/5)/((-3)/((-2565)/(-6))). Suppose 0 = 33*d - j - 234. What is the highest common divisor of d and 224?
14
Let m(j) = 8*j**3 - 3*j**2 - 4*j + 30. Let z be m(2). What is the highest common divisor of z and 3?
1
Let g(y) = -7*y**3 - 90*y**2 + 16*y + 56. Let x be g(-13). Calculate the highest common divisor of x and 18173.
17
Let i = 296 + -149. Let j be ((2 - 145/15) + 3)*(1 - 10). What is the highest common divisor of i and j?
21
Suppose 0 = -3*y + 2*k - 199 + 49, 2*k = y + 50. Let n = 10 + y. Let d = n + 66. What is the greatest common factor of 104 and d?
26
Suppose -12*g + 9*g - r + 597 = 0, 0 = -3*g + r + 591. Calculate the greatest common divisor of g and 18.
18
Let k = 4030 - 2976. Calculate the greatest common divisor of 170 and k.
34
Suppose p = f - 2103, 10529 = 299*f - 294*f + 2*p. What is the greatest common factor of 10 and f?
5
Suppose 2*q - 1379 = -4*i + 83, -1119 = -3*i - 6*q. Calculate the highest common divisor of i and 528.
33
Let w(c) = -63*c**2 + 759*c - 9. Let u be w(12). Calculate the greatest common divisor of u and 13149.
27
Let h(y) = y**2 - 4*y - 24. Let o be h(7). Let z(q) = -14*q - 40. Let g be z(o). What is the highest common factor of g and 14?
2
Let p be 3519/((3 + -1)*3/6) + 3. Calculate the greatest common factor of p and 66.
6
Let s = 377 + -327. Suppose -3*k + 0*d + 30 = 5*d, 0 = 5*k + 2*d - s. Calculate the greatest common divisor of k and 50.
10
Suppose -7*w + 20 = -2*w. Suppose -3*c - 34 = -w*c + 5*b, 5*b = -3*c + 2. Let u(s) = s - 2. Let g be u(c). Calculate the greatest common factor of 35 and g.
7
Let x be (52/10 - 2)/((-364)/(-120) + -3). What is the highest common factor of x and 1696?
32
Suppose 3*f + 51 = -108. Let s = 77 + f. Let q(o) = 12*o + 8. Let u be q(0). Calculate the highest common divisor of s and u.
8
Let u(t) = -t**2 - 28*t - 15. Let m be u(-6). Suppose 2*j + 5 = 41. Calculate the greatest common divisor of j and m.
9
Let p be (-51)/153 + 2/((-6)/107). Let i = 132 + p. Suppose 2*c - w - 22 = -3*w, -4*c + 4*w + 52 = 0. Calculate the highest common factor of c and i.
12
Let i be (-44 + 0)*(-4 + 85/20). Let d(t) = -t**3 - 13*t**2 - 25*t - 3. Let o be d(i). Calculate the greatest common divisor of 15 and o.
15
Suppose 5*h + 2*v = 441, 5*h - 100*v - 455 = -95*v. Calculate the greatest common factor of 2 and h.
1
Let q(k) = -10*k - 27. Let j(c) = -c + 1. Let n(v) = 3*j(v) - q(v). Let m be n(-2). Let l = -186 - -330. What is the highest common divisor of m and l?
16
Suppose 0 = 4*x + 7 - 171. Let t be x*(20/4)/5*1. Calculate the greatest common divisor of 287 and t.
41
Let v = 7590 + -6540. Calculate the greatest common divisor of v and 1875.
75
Let v(m) = m**2 - 13*m - 13. Suppose 96*s - 93*s = 42. Let p be v(s). Let h be 78*(((-20)/(-12))/1 - p). What is the greatest common divisor of 13 and h?
13
Let i be 6/(-21) - 813/21. Let d = i - -42. Suppose -4*a + 800 = -0*z + 2*z, 2*a - d*z - 384 = 0. What is the highest common divisor of 18 and a?
18
Suppose 4*f + 32 = 2*d, -8 = -3*f + 5*f - 3*d. Let p = f - -5. Let c be 4/p - 216/(-20). Calculate the highest common divisor of c and 5.
5
Let i be (18/(-4) + -2 - (-648)/108)*-90. Suppose 4*u - 166 = 446. What is the greatest common divisor of u and i?
9
Let v(w) = w**3 - 5*w**2 - 149*w + 473. Let a be v(3). Calculate the highest common factor of a and 124.
4
Let r = -41 + 53. Suppose 132 = -3*f - r*z + 7*z, 4*f = z - 153. Let s = f - -63. What is the highest common factor of s and 264?
24
Let v = -6 - 43. Let s = v - -54. Suppose 0 = -5*g - 0*g - s*x + 285, -x = -4*g + 213. What is the greatest common factor of 36 and g?
18
Let k(q) = 6*q - 6. Let l be k(5). Let t = 250 - 305. Let a be (-220)/(-6) + 3 + t/15. What is the highest common divisor of a and l?
12
Suppose 0 = -5*h + 2*l + 2738, -950*l = -948*l + 8. What is the highest common factor of h and 2912?
182
Let r = 1411 - 488. Suppose 4*m - 3*j - r = 382, -m + 2*j = -320. Calculate the highest common factor of m and 264.
66
Suppose -13*s - 76 = -271. Let d be 3/6*-1*-28. Let f be (d/42)/((-1)/(-15)). What is the greatest common factor of f and s?
5
Let c = -144 + 235. Let y(v) = 51*v - 229. Let h be y(5). What is the greatest common divisor of c and h?
13
Let s(a) = 241*a - 1569. Let y be s(9). What is the greatest common factor of 400 and y?
200
Suppose 6*f - 32*f = 82*f - 25920. What is the highest common divisor of 140 and f?
20
Suppose -9052*h + 9033*h = -931. Calculate the greatest common factor of h and 13279.
49
Suppose -74 = 4*r - 1254. Let c = r - 181. What is the highest common divisor of 171 and c?
57
Let h be 57/2*20/15. Suppose -6*k + 3 + 3 = 0. Let u(f) = 20*f**3 - 2*f**2 + f. Let x be u(k). What is the highest common factor of x and h?
19
Suppose -21*s + 22*s = 18. Suppose -2*w + 3*p + p = -20, 0 = 3*w + 4*p + 20. Let i be (-5 - -2)*(-6 - w). What is the greatest common factor of i and s?
18
Let y(m) = 6*m + 4. Let z be y(2)